mmon divisor of 120859 and 171.
19
Calculate the greatest common divisor of 22976968 and 126560.
6328
Calculate the greatest common factor of 1112 and 1165932.
556
What is the greatest common divisor of 17703 and 98421093?
2529
What is the highest common factor of 2101 and 3469092?
11
What is the highest common factor of 14441 and 679?
7
What is the highest common divisor of 11273976 and 3528?
504
What is the highest common factor of 19017 and 14607?
9
What is the greatest common factor of 151808 and 96512?
256
What is the greatest common divisor of 55591 and 53398781?
2417
Calculate the greatest common divisor of 1878 and 21253013.
313
Calculate the greatest common factor of 126 and 1022476.
14
Calculate the greatest common divisor of 951 and 645962312.
317
Calculate the highest common factor of 728 and 24194072.
56
What is the greatest common factor of 71222018 and 17164?
8582
Calculate the highest common divisor of 199520609 and 87.
29
What is the greatest common divisor of 8 and 6118712?
8
What is the highest common divisor of 116011 and 41867?
7
What is the highest common factor of 74196 and 148374?
18
What is the highest common factor of 328 and 19017358?
82
Calculate the highest common divisor of 539940313 and 22.
11
Calculate the greatest common divisor of 9893 and 48217.
13
What is the highest common divisor of 1944 and 2313144?
216
Calculate the greatest common factor of 1809 and 9403.
1
Calculate the highest common divisor of 1042747 and 713.
31
What is the greatest common factor of 304 and 73612688?
304
What is the greatest common factor of 85 and 401895113?
17
Calculate the greatest common divisor of 5775972 and 4833.
537
Calculate the greatest common factor of 2667530 and 8784.
122
What is the greatest common factor of 501 and 1199227?
167
What is the highest common factor of 6003800 and 180?
20
What is the greatest common factor of 8987784 and 44928?
312
Calculate the highest common divisor of 388788 and 171588.
2172
Calculate the greatest common factor of 5640 and 3139788.
564
What is the greatest common divisor of 334231846 and 6942?
2314
Calculate the greatest common factor of 688 and 6831152.
688
What is the highest common factor of 8 and 53416232?
8
What is the greatest common divisor of 3266928 and 372204?
1764
What is the highest common divisor of 779 and 30796986?
779
Calculate the greatest common factor of 249050388 and 1572.
1572
What is the greatest common divisor of 944 and 2117392?
944
Calculate the highest common factor of 5550129 and 3042.
1521
What is the greatest common factor of 1480 and 69159364?
148
What is the highest common factor of 20 and 8473960?
20
Calculate the greatest common divisor of 158 and 132902332.
158
What is the highest common divisor of 81560 and 7108?
4
What is the greatest common divisor of 892 and 34004378?
446
Calculate the greatest common factor of 1406413 and 23461.
29
Calculate the greatest common divisor of 5959072 and 14208.
1184
What is the greatest common divisor of 133846076 and 13916?
1988
What is the highest common divisor of 4707 and 69318?
9
Calculate the greatest common divisor of 7888 and 13582672.
464
Calculate the highest common factor of 57950576 and 320.
16
What is the greatest common divisor of 1810 and 9226475?
905
Calculate the highest common divisor of 18 and 244961559.
9
What is the greatest common divisor of 686532955 and 5?
5
What is the greatest common factor of 1786 and 472346099?
893
What is the greatest common divisor of 7667 and 8281713?
451
Calculate the greatest common divisor of 19514430 and 63570.
390
What is the greatest common factor of 2964867 and 3516?
879
What is the highest common factor of 4461327 and 306?
153
Calculate the highest common divisor of 2159376 and 2064.
48
What is the greatest common factor of 10589952 and 48?
48
What is the highest common factor of 1345788395 and 2534?
1267
What is the highest common divisor of 26384 and 178160?
272
Calculate the greatest common divisor of 11 and 16011897.
11
What is the highest common factor of 279293892 and 11796?
11796
Calculate the greatest common factor of 198 and 77228514.
198
Calculate the greatest common divisor of 3362934815 and 85.
85
Calculate the highest common factor of 45129 and 443308.
307
What is the greatest common divisor of 2980808 and 6692?
956
Calculate the highest common divisor of 235736 and 2127312.
632
What is the greatest common factor of 64976472 and 3132?
3132
What is the highest common factor of 434016570 and 3690?
1230
What is the greatest common factor of 27934387 and 754?
13
Calculate the greatest common factor of 18585315 and 378.
189
What is the highest common factor of 18626418 and 1416?
354
Calculate the highest common divisor of 4463709 and 261.
87
What is the greatest common divisor of 90602 and 27590?
178
Calculate the highest common divisor of 25 and 779195.
5
What is the highest common factor of 385 and 535073?
77
Calculate the highest common divisor of 8790764 and 386.
386
Calculate the highest common factor of 506345 and 1034586.
2737
What is the greatest common factor of 441968 and 23184?
368
Calculate the highest common divisor of 42152 and 4309084.
1916
Calculate the greatest common divisor of 3822 and 175746144.
294
Calculate the greatest common factor of 162640 and 86640.
1520
What is the highest common divisor of 89 and 482291?
89
Calculate the greatest common divisor of 1600 and 42772200.
200
What is the highest common factor of 4868 and 36468622?
2434
Calculate the greatest common factor of 9656 and 4813232.
568
What is the greatest common divisor of 3598 and 177376003?
1799
Calculate the greatest common factor of 10092150 and 36.
18
Calculate the greatest common factor of 13 and 4658053.
1
Calculate the greatest common factor of 52 and 480669358.
26
Calculate the greatest common divisor of 80835 and 123.
3
What is the highest common divisor of 162 and 173331?
9
Calculate the greatest common divisor of 72 and 3934080.
72
Calculate the highest common factor of 9716 and 186256.
28
Calculate the highest common factor of 44671212 and 126.
18
What is the highest common factor of 76574090 and 2965?
2965
What is the highest common divisor of 4613560 and 95?
5
Calculate the highest common factor of 10575 and 13598275.
1175
Calculate the greatest common divisor of 100048140 and 360.
180
Calculate the highest common factor of 1337040 and 5120.
80
Calculate the highest common factor of 7413623 and 163261.
1967
What is the greatest common divisor of 28513650 and 20?
10
Calculate the greatest common factor of 5286439 and 4930.
493
What is the highest common divisor of 89159238 and 54?
54
Calculate the highest common factor of 13797 and 20244.
21
What is the highest common factor of 1749374 and 83578?
2882
Calculate the highest common divisor of 16956 and 5936013.
1413
Calculate the greatest common factor of 6190830 and 495.
45
What is the greatest common factor of 312143 and 636961?
169
What is the greatest common divisor of 9491688 and 2328?
24
Calculate the greatest common factor of 4871 and 266584959.
4871
Calculate the highest common divisor of 65 and 9064485.
5
Calculate the greatest common divisor of 38820 and 8396.
4
Calculate the greatest common divisor of 64918304 and 11.
11
Calculate the greatest common factor of 2250 and 13077450.
450
What is the greatest common divisor of 60465567 and 942?
471
Calculate the highest common divisor of 265790454 and 246.
246
What is the greatest common divisor of 262085 and 20022305?
4945
Calculate the greatest common factor of 8798196 and 1100.
44
Calculate the greatest common factor of 4160 and 8372195.
65
Calculate the highest common divisor of 8603841 and 51.
3
What is the greatest common factor of 408 and 5057398?
34
What is the greatest common factor of 1719 and 536519?
191
What is the highest common factor of 5352794 and 190?
38
What is the greatest common factor of 102627 and 539742?
3801
Calculate the highest common divisor of 464689995 and 5775.
1155
Calculate the greatest common factor of 299216814 and 312.
78
What is the greatest common factor of 29861736 and 9220?
1844
Calculate the highest common divisor of 5072996 and 453.
151
What is the greatest common factor of 25514630 and 60?
10
Calculate the hi